6)/(u/(-408)) is divided by 5?
4
What is the remainder when 5 - ((-1)/(-2))/(103/(-58298)) is divided by 119?
50
Let a = -26123 - -26184. Calculate the remainder when 2275 is divided by a.
18
Let t(k) = -k**3 - 9*k**2 - 11*k - 45. What is the remainder when 2267 is divided by t(-9)?
53
Calculate the remainder when 145 is divided by 12*(-3 + 13 + (-230)/40).
43
Let d = 12968 + -10211. What is the remainder when d is divided by 30?
27
Let o(j) = 5*j**2 + 5*j - 75. Calculate the remainder when 345 is divided by o(-5).
20
Calculate the remainder when (-38*303/(-3))/((4 - 2)*1) is divided by 20.
19
Let i(o) = o**2 + 33*o + 356. Calculate the remainder when 3359 is divided by i(-29).
239
Let y(r) = -r**2 + 14*r - 45. Suppose -4*n = 7 - 31. Calculate the remainder when y(n) is divided by 1.
0
Suppose -1971 = -2*s + 11*s. Calculate the remainder when 327 is divided by (-146)/s*(126 - 0).
75
Calculate the remainder when 9157 - ((-5)/5)/(4 - (-22)/(-6)) is divided by 17.
14
Suppose -3*y = -0*y - 750. Suppose 6 = -3*t, -4*c + t + y = -64. Calculate the remainder when c is divided by 28.
22
Let u(s) = -15*s. Let b be u(-5). Let c(o) = 64*o**3 - 5*o - 7. Let x be c(-1). Let p = x + b. What is the remainder when 32 is divided by p?
5
Suppose 143 = -2*g - 11. Let f = 96 + g. Suppose 4*a + 76 + 0 = 2*o, -3*a = -3*o + 111. What is the remainder when o is divided by f?
17
Suppose 2*m + 5 = 3*r, -5*m + 20 = -10*m. Let u(x) = x**2 + 8*x - 2. What is the remainder when u(7) is divided by (140/12)/(r/(-3))?
33
Let n(m) = -152*m - 2943. What is the remainder when n(-21) is divided by 40?
9
Let b(i) = i**2 - 45*i + 83. Let p be b(38). Let t = -132 - p. What is the remainder when 96 is divided by t?
45
Let q(s) = 194*s + 756. Calculate the remainder when q(-3) is divided by 110.
64
Let j(m) = 2*m + 2. Suppose -11*z + 91 - 3 = 0. Let l be j(z). Calculate the remainder when 61 is divided by 130/4 + l/(-12).
30
Let i = -8858 - -8879. Calculate the remainder when (-1405)/(-25) - 1/5 is divided by i.
14
Suppose 0 = -5*t - 5, 5*l - 3659 = 4*t. What is the remainder when l is divided by 67?
61
Suppose -37*c + 7*c + 71390 - 17270 = 0. What is the remainder when c is divided by 8?
4
Let t(d) = -2*d**3 - 4*d**2 + 2*d + 8. Let g be t(-5). Let l = g + -139. What is the remainder when 60 is divided by l?
6
Suppose 0 = 8*w - 36 - 44. Let j be (-1)/2 + 55/w. Suppose j*c = -4*s - s + 220, -53 = -2*s + 5*c. Calculate the remainder when s is divided by 14.
11
Let w = -2 - -1. Let r(i) = 12*i**2 - 2*i - 1. Suppose 0 = 154*l + 4013 - 11559. Calculate the remainder when l is divided by r(w).
10
Suppose 78*z - 76*z + 78 = 0. Calculate the remainder when 138 is divided by ((-21)/5)/(z/130).
12
Suppose -5*t + 4*m = m - 76, t = 5*m + 2. Let b(q) = -2*q + 51. Let n = 29 + 19. What is the remainder when n is divided by b(t)?
14
Let o(a) = 2*a**2 - 4*a + 2. Let h(z) = -z**3 + 17*z**2 + 361*z - 6082. What is the remainder when h(17) is divided by o(2)?
1
Let m(o) = -173*o + 546. What is the remainder when m(-44) is divided by 53?
49
Let n = 2120 - 2068. Calculate the remainder when 684 is divided by n.
8
Suppose -5*k + 2*i = 9 - 143, -3*k - 4*i + 70 = 0. Suppose -12 = 29*g - k*g. Calculate the remainder when 12/(-80)*g + 604/10 is divided by 16.
13
Let f(w) = -2*w**3 - 18*w**2 - 33*w + 33. Calculate the remainder when 257 is divided by f(-6).
2
Let w(k) = 95*k - 1878. Calculate the remainder when w(28) is divided by 127.
20
Suppose -n = -3*j + 24, -14*j - 2*n - 28 = -18*j. Calculate the remainder when 2397 is divided by j.
7
Suppose -4*p - 6*i + 1012 = 0, -3*p = -2*i - 0*i - 772. What is the remainder when 10237 is divided by p?
253
Let h(i) = -3*i**3 + 6*i**2 - 10*i - 20. Let k(z) = z**3 + z**2. Let g(v) = h(v) + 5*k(v). What is the remainder when 47 is divided by g(-6)?
3
Let f = -492 + 327. What is the remainder when 38 is divided by (-63)/(-35)*(f/(-9))/1?
5
Calculate the remainder when 26097 is divided by ((-3)/(-2))/3 + -23 + (-3335)/(-46).
47
Calculate the remainder when 219 is divided by (930/465)/(2/113).
106
Calculate the remainder when 234 is divided by 33*((-64)/(-36))/4 + (-76)/114.
10
Suppose 2*i - 3*i + 25 = 0. Suppose -590 = -6*k - 464*t + 462*t, t = 2*k - 180. Calculate the remainder when k is divided by i.
20
Let a(f) = 97*f - 1131. Calculate the remainder when a(13) is divided by 30.
10
Calculate the remainder when 249 is divided by 4 - (-5)/(-5) - (-3)/(-15)*-5.
1
Let x(t) be the third derivative of t**4/24 + 56*t**3/3 - 54*t**2. What is the remainder when x(6) is divided by 41?
36
Let p(u) = 4*u**3 + 18*u**2 + 24*u + 119. Suppose -4*g + 117 = -499. What is the remainder when g is divided by p(-4)?
44
Let t = -10355 - -10960. Calculate the remainder when t is divided by 37.
13
Suppose 0 = -q + 5*z + 1426, 12*z - 7*z - 4278 = -3*q. What is the remainder when q is divided by 204?
202
Let l be (3 - -152)*(-1 - 4 - -3). Let t = l + 348. What is the remainder when 144 is divided by t?
30
Suppose 0 = -4*p + 2*q + 160, -117*q = -p - 119*q + 40. Calculate the remainder when 118 is divided by p.
38
What is the remainder when ((-15)/5 - -500) + 2 is divided by 16?
3
Let h = 195124 + -194741. Suppose -2*x - 10 = 0, -4 = m + 6*x - 2*x. What is the remainder when h is divided by m?
15
Let x(d) = 38*d + 367. What is the remainder when x(-9) is divided by 17?
8
Let y(c) = -98 + 13*c - 14*c + 184. What is the remainder when y(9) is divided by 18?
5
Suppose 5*r + 4*t = 965, -4*r = 5*t - t - 768. Suppose -8*c + 72 = -4*c + 2*l, -4*c + 2*l = -104. Calculate the remainder when r is divided by c.
21
Let c(z) = -8*z**2 - 7*z. Let w be c(-5). Let p = 282 + w. Suppose 483 = 2*x + p. What is the remainder when x is divided by 31?
28
Let o(d) = d**3 - 73*d**2 - 2*d + 254. Calculate the remainder when 299 is divided by o(73).
83
Calculate the remainder when 369 is divided by 156/(-2)*((-2077)/134 - (2 - 13)).
18
Suppose -93 - 88 = -t. Calculate the remainder when t is divided by (39/(-9))/((-4)/36*3).
12
Suppose -3*s = -2*f - 60, -18*s - f = -23*s + 86. Let j(a) = 35*a - 2. Let t be j(4). Let w = t + -92. Calculate the remainder when w is divided by s.
14
Let d(t) = -23*t + 1502. Calculate the remainder when 1055 is divided by d(65).
5
Let z = 319 + -182. Suppose z = -8*q + 369. What is the remainder when 76 is divided by q?
18
Let a(f) = -188 - 6*f - 5*f + 0*f + 4*f. What is the remainder when a(-34) is divided by 19?
12
Let n(s) = -379*s - 1809. Calculate the remainder when 527 is divided by n(-5).
11
Suppose 0 = -38*d - 16 + 168. Suppose -4*l + 335 = d*c - 577, 0 = 3*c - 15. Calculate the remainder when l is divided by 9.
7
Suppose -270 = -2*n - 5*c, -27*n = -23*n - 3*c - 592. Let t(u) = -u**2 + 13*u - 11. Calculate the remainder when n is divided by t(9).
20
Suppose -4*s = a - 9407, -5*s - 846 + 12611 = -5*a. Suppose -476 = -b + 2*l, 9*b - s = 4*b - 4*l. What is the remainder when b is divided by 43?
42
Let i(l) = l**3 + 39*l**2 - 195*l - 404. What is the remainder when i(-43) is divided by 166?
87
Let d = -18 + 16. Let q be (70/(3 - d))/2. Suppose -a = -q*a + 96. What is the remainder when 46 is divided by a?
14
Suppose 100 = 6*o - 248. Let f = 34 + -15. Suppose f = 3*c - 11. What is the remainder when o is divided by c?
8
Let f(o) = -167*o - 606. What is the remainder when 553 is divided by f(-4)?
57
Suppose -n + 4*h + 217 = 0, 4*n = 4*h + 260 + 668. Calculate the remainder when n is divided by ((-16)/10)/(1/(-10)).
13
Calculate the remainder when (4995/2997)/(10/70194) is divided by 7.
2
What is the remainder when 285 is divided by (5 - -3)/(112/24)*42?
69
Let i(p) = -p + 20. Let g be i(-9). Let k(u) = -u**2 + 28*u + 37. Suppose c - 54 = -0*c. Calculate the remainder when c is divided by k(g).
6
Suppose -2608 = 14*r - 2636. Calculate the remainder when 1497 is divided by r.
1
Suppose -2*u - 3*k + 133 = 0, -3*u - 567*k + 247 = -572*k. Calculate the remainder when 3106 is divided by u.
72
Let a be 6/(-33) - 35/(-11) - 2. Suppose -n = 5*i - 46, a = n - 0*n. Suppose -i = -2*w + 47. What is the remainder when 54 is divided by w?
26
Let z = 96 + -108. Calculate the remainder when 42 is divided by 202*3/24 + 3/z.
17
Suppose -16*a = -14*a - 834. Suppose 0 = 4*b - 63 - a. Let q = b + -14. What is the